{"id":3334,"date":"2025-08-04T19:27:20","date_gmt":"2025-08-04T18:27:20","guid":{"rendered":"https:\/\/boxwood.xyz\/tradmusicworkshop\/?page_id=3334"},"modified":"2025-08-04T19:27:21","modified_gmt":"2025-08-04T18:27:21","slug":"ceili-dances","status":"publish","type":"page","link":"https:\/\/boxwood.xyz\/tradmusicworkshop\/programme-2025\/ceili-dances\/","title":{"rendered":"C\u00e9il\u00ed Dances"},"content":{"rendered":"\n<div class=\"wp-block-media-text is-stacked-on-mobile\" style=\"grid-template-columns:41% auto\"><figure class=\"wp-block-media-text__media\"><img loading=\"lazy\" decoding=\"async\" width=\"1338\" height=\"1066\" src=\"https:\/\/boxwood.xyz\/tradmusicworkshop\/wp-content\/uploads\/2025\/08\/Ceili-1.jpg\" alt=\"\" class=\"wp-image-3336 size-full\"\/><\/figure><div class=\"wp-block-media-text__content\">\n<p>Am Freitagabend k\u00f6nnt ihr euch im Rahmen eines kurzen Ceili-Workshops mitrei\u00dfen lassen! Ceilis sind traditionelle Gruppent\u00e4nze aus Irland und Schottland. Eine Gelegenheit \u201emit eigenen F\u00fc\u00dfen\u201c zu erfahren, wozu diese Musik, die wir alle so gerne spielen, eigentlich gedacht ist.<\/p>\n<\/div><\/div>\n\n\n\n<div class=\"wp-block-media-text has-media-on-the-right is-stacked-on-mobile\" style=\"grid-template-columns:auto 28%\"><div class=\"wp-block-media-text__content\">\n<p><br>Angeleitet werden die T\u00e4nze von Mira Sienkiewicz und Katharina Mosor, beide seit mehr als 15 Jahren begeisterte T\u00e4nzerinnen unter anderem auch zu Live Musik von Paddy&#8217;s Return, Who&#8217;s the fool und Moving Pints.<\/p>\n<\/div><figure class=\"wp-block-media-text__media\"><img loading=\"lazy\" decoding=\"async\" width=\"3219\" height=\"4883\" src=\"https:\/\/boxwood.xyz\/tradmusicworkshop\/wp-content\/uploads\/2025\/08\/Mira-und-Kathi.jpg\" alt=\"\" class=\"wp-image-3335 size-full\"\/><\/figure><\/div>\n\n\n\n<p><\/p>\n\n\n\n<p><\/p>\n","protected":false},"excerpt":{"rendered":"<p>Am Freitagabend k\u00f6nnt ihr euch im Rahmen eines kurzen Ceili-Workshops mitrei\u00dfen lassen! Ceilis sind traditionelle Gruppent\u00e4nze aus Irland und Schottland. Eine Gelegenheit [&hellip;]<\/p>\n","protected":false},"author":2,"featured_media":0,"parent":3099,"menu_order":0,"comment_status":"closed","ping_status":"closed","template":"","meta":{"footnotes":""},"class_list":["post-3334","page","type-page","status-publish","hentry"],"_links":{"self":[{"href":"https:\/\/boxwood.xyz\/tradmusicworkshop\/wp-json\/wp\/v2\/pages\/3334","targetHints":{"allow":["GET"]}}],"collection":[{"href":"https:\/\/boxwood.xyz\/tradmusicworkshop\/wp-json\/wp\/v2\/pages"}],"about":[{"href":"https:\/\/boxwood.xyz\/tradmusicworkshop\/wp-json\/wp\/v2\/types\/page"}],"author":[{"embeddable":true,"href":"https:\/\/boxwood.xyz\/tradmusicworkshop\/wp-json\/wp\/v2\/users\/2"}],"replies":[{"embeddable":true,"href":"https:\/\/boxwood.xyz\/tradmusicworkshop\/wp-json\/wp\/v2\/comments?post=3334"}],"version-history":[{"count":1,"href":"https:\/\/boxwood.xyz\/tradmusicworkshop\/wp-json\/wp\/v2\/pages\/3334\/revisions"}],"predecessor-version":[{"id":3337,"href":"https:\/\/boxwood.xyz\/tradmusicworkshop\/wp-json\/wp\/v2\/pages\/3334\/revisions\/3337"}],"up":[{"embeddable":true,"href":"https:\/\/boxwood.xyz\/tradmusicworkshop\/wp-json\/wp\/v2\/pages\/3099"}],"wp:attachment":[{"href":"https:\/\/boxwood.xyz\/tradmusicworkshop\/wp-json\/wp\/v2\/media?parent=3334"}],"curies":[{"name":"wp","href":"https:\/\/api.w.org\/{rel}","templated":true}]}}